vert -20312 (base 4) to base 15.
-27b
Convert -140141 (base 5) to base 14.
-20d1
What is 14236 (base 8) in base 15?
1d02
-551244 (base 6) to base 8
-131154
648 (base 12) to base 11
767
-3ba8 (base 12) to base 8
-15360
Convert 1258 (base 14) to base 16.
c8e
What is -1430 (base 7) in base 4?
-20300
What is 144155 (base 6) in base 2?
11011001000111
What is -101133 (base 5) in base 13?
-1664
-1505 (base 12) to base 14
-c73
-2113 (base 8) to base 16
-44b
Convert 25273 (base 8) to base 13.
4c96
Convert -6e78 (base 15) to base 10.
-23513
1443 (base 5) to base 13
161
Convert 311 (base 7) to base 12.
10b
1554 (base 12) to base 4
213100
What is -24410 (base 5) in base 3?
-2112201
What is 2210320 (base 4) in base 11?
7a23
Convert -1017 (base 8) to base 2.
-1000001111
8841 (base 13) to base 12
ab99
What is -1481 (base 10) in base 13?
-89c
What is 1420 (base 7) in base 12?
3a1
-ba3b (base 14) to base 3
-1122011111
-1100102 (base 3) to base 6
-4315
3363 (base 8) to base 16
6f3
What is 16c (base 15) in base 5?
2302
Convert 202202 (base 3) to base 8.
1060
What is -2303213 (base 4) in base 14?
-4291
What is 18401 (base 9) in base 16?
31ae
Convert -e4b (base 16) to base 3.
-12000112
What is 4660 (base 7) in base 11?
1313
-311132 (base 4) to base 14
-1366
Convert 1030 (base 9) to base 8.
1364
-14 (base 8) to base 2
-1100
What is -321002 (base 4) in base 9?
-5005
1429 (base 13) to base 14
10ba
What is -1011110000001 (base 2) in base 6?
-43505
-12110 (base 4) to base 16
-194
What is -5071 (base 9) in base 7?
-13546
What is 4741 (base 8) in base 6?
15413
12050 (base 9) to base 12
4800
What is 20023033 (base 4) in base 15?
9dc7
What is -139 (base 10) in base 2?
-10001011
-554 (base 12) to base 5
-11114
What is -36a6 (base 14) in base 4?
-2111102
What is 1a446 (base 11) in base 8?
67505
What is -314212 (base 5) in base 15?
-31dc
Convert 1972 (base 12) to base 15.
dc5
What is 120102 (base 3) in base 12?
2a8
-137ac (base 14) to base 15
-e417
3e1 (base 15) to base 13
532
What is -1291 (base 14) in base 11?
-24a7
1222020100 (base 3) to base 4
21132120
53524 (base 11) to base 5
4442304
-10b7 (base 12) to base 15
-847
What is 490 (base 11) in base 6?
2411
-2543 (base 6) to base 4
-21333
What is 100122100 (base 3) in base 15?
2139
What is -216 (base 13) in base 11?
-2a5
Convert 26740 (base 8) to base 14.
43cc
Convert 1210010 (base 3) to base 16.
513
Convert 2452 (base 6) to base 8.
1140
-2996 (base 13) to base 10
-6038
-39d (base 15) to base 3
-1010111
Convert 1a918 (base 12) to base 15.
b9c2
Convert -112c3 (base 16) to base 8.
-211303
What is 56a1 (base 16) in base 8?
53241
-41a (base 15) to base 8
-1635
What is 22a2 (base 14) in base 6?
43514
What is 104232 (base 5) in base 10?
3692
Convert 2495 (base 10) to base 14.
ca3
What is -605 (base 16) in base 7?
-4331
What is -125a (base 15) in base 8?
-7506
-102110100 (base 3) to base 4
-2002200
What is -34501 (base 6) in base 8?
-11505
What is 931 (base 12) in base 9?
1741
529 (base 12) to base 7
2124
What is 599 (base 12) in base 8?
1505
What is -250a (base 12) in base 7?
-15130
81 (base 11) to base 8
131
Convert -122123 (base 6) to base 10.
-10851
-2025 (base 6) to base 10
-449
Convert -12322 (base 4) to base 14.
-238
100110110101001 (base 2) to base 9
30240
32424 (base 9) to base 8
51757
Convert -21022100 (base 3) to base 9.
-7270
Convert -836 (base 13) to base 8.
-2565
Convert 1430 (base 15) to base 2.
1000011100000
Convert -23466 (base 7) to base 6.
-44043
What is -c441 (base 16) in base 7?
-266322
111111101 (base 2) to base 5
4014
Convert 14867 (base 9) to base 14.
39d8
Convert -22077 (base 10) to base 11.
-15650
Convert -c729 (base 14) to base 5.
-2044322
Convert 11850 (base 10) to base 7.
46356
-17b3 (base 13) to base 6
-24154
Convert -103012 (base 4) to base 14.
-634
Convert -55d0 (base 14) to base 11.
-101aa
What is -2051 (base 11) in base 10?
-2718
Convert 3441311 (base 5) to base 12.
2bb15
-d886 (base 15) to base 4
-23023221
What is -111010010001 (base 2) in base 13?
-190b
-101000110011 (base 2) to base 4
-220303
What is -149 (base 13) in base 16?
-e6
-1635 (base 12) to base 4
-221021
1002202 (base 3) to base 2
1100100011
What is 1586a (base 12) in base 14?
b226
2440 (base 8) to base 4
110200
Convert -4369 (base 10) to base 9.
-5884
Convert -373a (base 16) to base 10.
-14138
What is 21243 (base 7) in base 2?
1010010011010
Convert -22176 (base 8) to base 15.
-2b7c
What is 363 (base 9) in base 5?
2200
Convert 11120201 (base 3) to base 7.
12511
What is -575 (base 13) in base 6?
-4205
-cd5 (base 16) to base 10
-3285
What is 1000001111101011 (base 2) in base 6?
420203
56 (base 10) to base 14
40
129c (base 14) to base 5
101044
Convert -814 (base 9) to base 7.
-1633
What is -322d (base 16) in base 4?
-3020231
Convert -1111101 (base 2) to base 14.
-8d
Convert 1a856 (base 11) to base 4.
13010310
What is -108 (base 10) in base 3?
-11000
What is -52 (base 13) in base 10?
-67
-bb38 (base 12) to base 10
-20636
63553 (base 7) to base 2
11110101100110
What is 1245 (base 7) in base 8?
732
What is -2100002111 (base 3) in base 4?
-23032222
Convert 5010 (base 10) to base 9.
6776
162557 (base 8) to base 5
3334420
Convert 11011011212 (base 3) to base 16.
13f73
Convert -113 (base 16) to base 14.
-159
What is 20000120 (base 3) in base 5?
120024
1a4 (base 11) to base 14
12b
Convert 1120111 (base 3) to base 8.
2173
-521 (base 8) to base 13
-1cc
What is 18a6 (base 14) in base 9?
6103
What is -1111100101011 (base 2) in base 16?
-1f2b
-25706 (base 9) to base 5
-1023330
Convert -1212 (base 5) to base 9.
-222
What is -420 (base 10) in base 5?
-3140
76d (base 14) to base 11
1116
Convert 101423 (base 5) to base 8.
6443
3296 (base 10) to base 6
23132
Convert -12002 (base 3) to base 11.
-115
5653 (base 7) to base 2
11111111111
What is -212000 (base 3) in base 5?
-4441
c9c (base 15) to base 13
13b0
Convert -21222 (base 9) to base 8.
-33321
-3a62 (base 11) to base 16
-1497
22220211 (base 3) to base 2
1100101100110
-369 (base 15) to base 6
-3330
What is 155550 (base 6) in base 9?
23283
What is -107b (base 12) in base 15?
-818
Convert -232310 (base 5) to base 13.
-3b05
-11212221 (base 3) to base 5
-103222
Convert 11f4 (base 16) to base 8.
10764
22212102 (base 3) to base 8
14500
1412 (base 6) to base 4
11300
Convert 3b28 (base 12) to base 7.
25553
Convert 1e6 (base 15) to base 8.
671
What is -6a04 (base 16) in base 13?
-c479
Convert 969 (base 10) to base 12.
689
Convert 2590 (base 10) to base 12.
15ba
Convert 25502 (base 6) to base 16.
f0e
-d89 (base 16) to base 11
-2670
-100111 (base 2) to base 5
-124
-4629 (base 14) to base 16
-2f9d
What is 1261 (base 7) in base 13?
2b3
What is 252456 (base 7) in base 10?
46542
What is -679 (base 13) in base 9?
-1467
Convert -111001221 (base 3) to base 13.
-4450
What is -1001100011 (base 2) in base 3?
-211122
-d39 (base 16) to base 6
-23401
5642 (base 9) to base 5
113134
Convert 10111012 (base 3) to base 11.
1a02
What is 13031013 (base 4) in base 3?
1111111000
-100 (base 4) to base 9
-17
What is -1358 (base 9) in base 7?
-2663
Convert 20a (base 13) to base 11.
297
What is -100011101101 (base 2) in base 12?
-13a5
Convert 1432 (base 5) to base 11.
200
Convert 7626 (base 12) to base 10.
12990
What is -11212212 (base 3) in base 11?
-2747
What is -100010101011 (base 2) in base 6?
-14135
249 (base 15) to base 16
207
Convert -1744 (base 10) to base 12.
-1014
What is -3435 (base 10) in base 16?
-d6b
Convert 1539 (base 16) to base 11.
409a
What is -1022201121 (base 3) in base 10?
-26044
Convert -132432 (base 9) to base 12.
-3a73b
Convert 14505 (base 6) to base 10.
2345
What is 101001100000111 (base 2) in base 15?
6470
Convert -277 (base 16) to base 10.
-631
Convert 380 (base 9) to base 5.
2230
a06 (base 12) to base 2
10110100110
-33301 (base 4) to base 5
-13014
What is -ea6 (base 16) in base 9?
-5126
What is 220021001 (base 3) in base 2?
100010100010110
What is -646 (base 15) in base 6?
-10320
-901 (base 13) to base 5
-22042
1a152 (base 11) to base 2
110110111100001
-2442 (base 7) to base 10
-912
-866 (base 9) to base 5
-10313
Convert 4ba (base 12) to base 13.
433
Convert -537 (base 10) to base 14.
-2a5
Convert 383 (base 13) to base 14.
31c
Convert 53430 (base 7) to base 6.
141203
-424 (base 7) to base 5
-1324
What is -143